{"id":30,"date":"2024-04-13T01:27:43","date_gmt":"2024-04-12T23:27:43","guid":{"rendered":"http:\/\/192.168.56.1\/woocommerce\/?page_id=30"},"modified":"2026-03-20T17:57:58","modified_gmt":"2026-03-20T20:57:58","slug":"nos-bateaux","status":"publish","type":"page","link":"https:\/\/sotalie.com\/index.php\/nos-bateaux\/","title":{"rendered":"4 Moun Max"},"content":{"rendered":"\t\t<div data-elementor-type=\"wp-page\" data-elementor-id=\"30\" class=\"elementor elementor-30\">\n\t\t\t\t<div class=\"elementor-element elementor-element-1a2554b e-flex e-con-boxed e-con e-parent\" data-id=\"1a2554b\" data-element_type=\"container\">\n\t\t\t\t\t<div class=\"e-con-inner\">\n\t\t<div class=\"elementor-element elementor-element-a95135e e-con-full e-flex e-con e-child\" data-id=\"a95135e\" data-element_type=\"container\">\n\t\t\t\t<div class=\"elementor-element elementor-element-a56f073 elementor-widget__width-initial elementor-widget elementor-widget-image\" data-id=\"a56f073\" data-element_type=\"widget\" data-widget_type=\"image.default\">\n\t\t\t\t<div class=\"elementor-widget-container\">\n\t\t\t\t\t\t\t\t\t\t\t\t\t\t\t<img fetchpriority=\"high\" decoding=\"async\" width=\"1024\" height=\"993\" src=\"https:\/\/sotalie.com\/wp-content\/uploads\/2025\/09\/38EA4779630E459574E28F23D4A3ED53-1024x993.jpg\" class=\"attachment-large size-large wp-image-592\" alt=\"\" srcset=\"https:\/\/sotalie.com\/wp-content\/uploads\/2025\/09\/38EA4779630E459574E28F23D4A3ED53-1024x993.jpg 1024w, https:\/\/sotalie.com\/wp-content\/uploads\/2025\/09\/38EA4779630E459574E28F23D4A3ED53-300x291.jpg 300w, https:\/\/sotalie.com\/wp-content\/uploads\/2025\/09\/38EA4779630E459574E28F23D4A3ED53-768x745.jpg 768w, https:\/\/sotalie.com\/wp-content\/uploads\/2025\/09\/38EA4779630E459574E28F23D4A3ED53-1536x1490.jpg 1536w, https:\/\/sotalie.com\/wp-content\/uploads\/2025\/09\/38EA4779630E459574E28F23D4A3ED53-2048x1987.jpg 2048w, https:\/\/sotalie.com\/wp-content\/uploads\/2025\/09\/38EA4779630E459574E28F23D4A3ED53-600x582.jpg 600w\" sizes=\"(max-width: 1024px) 100vw, 1024px\" \/>\t\t\t\t\t\t\t\t\t\t\t\t\t\t\t<\/div>\n\t\t\t\t<\/div>\n\t\t\t\t<\/div>\n\t\t<div class=\"elementor-element elementor-element-6bb25c3 e-con-full e-flex e-con e-child\" data-id=\"6bb25c3\" data-element_type=\"container\">\n\t\t\t\t<div class=\"elementor-element elementor-element-94659ba elementor-widget__width-initial elementor-widget elementor-widget-heading\" data-id=\"94659ba\" data-element_type=\"widget\" data-widget_type=\"heading.default\">\n\t\t\t\t<div class=\"elementor-widget-container\">\n\t\t\t\t\t<h2 class=\"elementor-heading-title elementor-size-default\">Le 4 Moun Max : Votre bateau pour explorer la Guyane en toute s\u00e9r\u00e9nit\u00e9<\/h2>\t\t\t\t<\/div>\n\t\t\t\t<\/div>\n\t\t\t\t<div class=\"elementor-element elementor-element-c45d3de elementor-widget elementor-widget-text-editor\" data-id=\"c45d3de\" data-element_type=\"widget\" data-widget_type=\"text-editor.default\">\n\t\t\t\t<div class=\"elementor-widget-container\">\n\t\t\t\t\t\t\t\t\t<p data-start=\"159\" data-end=\"273\"><span class=\"relative -mx-px my-[-0.2rem] rounded px-px py-[0.2rem] transition-colors duration-100 ease-in-out\">Embarquez \u00e0 bord du <strong data-start=\"20\" data-end=\"34\">4 Moun Max<\/strong>, notre vedette de 8 m\u00e8tres con\u00e7ue pour vous offrir des excursions en mer confortables et s\u00e9curis\u00e9es.<\/span> <span class=\"relative -mx-px my-[-0.2rem] rounded px-px py-[0.2rem] transition-colors duration-100 ease-in-out\">Que ce soit pour d\u00e9couvrir l&#8217;\u00celet la M\u00e8re, observer les dauphins Sotalie ou admirer un coucher de soleil aux \u00eelets de R\u00e9mire, ce bateau est parfaitement adapt\u00e9 \u00e0 vos aventures en Guyane.<\/span><\/p><h3 data-start=\"275\" data-end=\"309\">Caract\u00e9ristiques techniques<\/h3><ul data-start=\"311\" data-end=\"627\"><li data-start=\"311\" data-end=\"365\"><strong data-start=\"368\" data-end=\"380\">Longueur<\/strong> : <span class=\"relative -mx-px my-[-0.2rem] rounded px-px py-[0.2rem] transition-colors duration-100 ease-in-out\">8 m\u00e8tres<\/span><\/li><li data-start=\"423\" data-end=\"477\"><strong data-start=\"480\" data-end=\"492\">Capacit\u00e9<\/strong> : <span class=\"relative -mx-px my-[-0.2rem] rounded px-px py-[0.2rem] transition-colors duration-100 ease-in-out\">6 passagers + skipper<\/span><\/li><li data-start=\"535\" data-end=\"627\"><p data-start=\"537\" data-end=\"627\"><span class=\"relative -mx-px my-[-0.2rem] rounded px-px py-[0.2rem] transition-colors duration-100 ease-in-out\">Enti\u00e8rement r\u00e9nov\u00e9 en 2025<\/span><\/p><\/li><\/ul><h3>\u00c9quipements \u00e0 bord<\/h3><p data-start=\"657\" data-end=\"735\"><span class=\"relative -mx-px my-[-0.2rem] rounded px-px py-[0.2rem] transition-colors duration-100 ease-in-out\">Pour garantir votre confort et votre s\u00e9curit\u00e9, le 4 Moun Max est \u00e9quip\u00e9 de :<\/span><\/p><ul data-start=\"737\" data-end=\"1027\"><li data-start=\"737\" data-end=\"778\"><p data-start=\"739\" data-end=\"778\"><span class=\"relative -mx-px my-[-0.2rem] rounded px-px py-[0.2rem] transition-colors duration-100 ease-in-out\">Un taud de soleil pour vous prot\u00e9ger lors des journ\u00e9es ensoleill\u00e9es<\/span><\/p><\/li><li data-start=\"779\" data-end=\"820\"><p data-start=\"781\" data-end=\"820\"><span class=\"relative -mx-px my-[-0.2rem] rounded px-px py-[0.2rem] transition-colors duration-100 ease-in-out\">Une douche d&#8217;eau douce pour vous rafra\u00eechir apr\u00e8s la baignade<\/span><\/p><\/li><li data-start=\"821\" data-end=\"862\"><p data-start=\"823\" data-end=\"862\"><span class=\"relative -mx-px my-[-0.2rem] rounded px-px py-[0.2rem] transition-colors duration-100 ease-in-out\">Un syst\u00e8me audio pour une ambiance musicale agr\u00e9able<\/span><\/p><\/li><li data-start=\"863\" data-end=\"904\"><p data-start=\"865\" data-end=\"904\"><span class=\"relative -mx-px my-[-0.2rem] rounded px-px py-[0.2rem] transition-colors duration-100 ease-in-out\">Des \u00e9quipements de s\u00e9curit\u00e9 complets<\/span><\/p><\/li><li data-start=\"905\" data-end=\"946\"><p data-start=\"907\" data-end=\"946\"><span class=\"relative -mx-px my-[-0.2rem] rounded px-px py-[0.2rem] transition-colors duration-100 ease-in-out\">Un GPS et un sondeur pour une navigation pr\u00e9cise<\/span><\/p><\/li><li data-start=\"947\" data-end=\"1027\"><p data-start=\"949\" data-end=\"1027\"><span class=\"relative -mx-px my-[-0.2rem] rounded px-px py-[0.2rem] transition-colors duration-100 ease-in-out\">Une \u00e9chelle de bain facilitant l&#8217;acc\u00e8s \u00e0 l&#8217;eau<\/span><\/p><\/li><\/ul>\t\t\t\t\t\t\t\t<\/div>\n\t\t\t\t<\/div>\n\t\t\t\t<\/div>\n\t\t\t\t\t<\/div>\n\t\t\t\t<\/div>\n\t\t<div class=\"elementor-element elementor-element-c87b569 e-flex e-con-boxed e-con e-parent\" data-id=\"c87b569\" data-element_type=\"container\">\n\t\t\t\t\t<div class=\"e-con-inner\">\n\t\t\t\t<div class=\"elementor-element elementor-element-73f99ad elementor-widget elementor-widget-heading\" data-id=\"73f99ad\" data-element_type=\"widget\" data-widget_type=\"heading.default\">\n\t\t\t\t<div class=\"elementor-widget-container\">\n\t\t\t\t\t<h2 class=\"elementor-heading-title elementor-size-default\"> \u00c9quipements de confort<\/h2>\t\t\t\t<\/div>\n\t\t\t\t<\/div>\n\t\t\t\t\t<\/div>\n\t\t\t\t<\/div>\n\t\t<div class=\"elementor-element elementor-element-4917939 e-grid e-con-boxed e-con e-parent\" data-id=\"4917939\" data-element_type=\"container\">\n\t\t\t\t\t<div class=\"e-con-inner\">\n\t\t\t\t<div class=\"elementor-element elementor-element-05ee937 elementor-widget elementor-widget-image\" data-id=\"05ee937\" data-element_type=\"widget\" data-widget_type=\"image.default\">\n\t\t\t\t<div class=\"elementor-widget-container\">\n\t\t\t\t\t\t\t\t\t\t\t\t\t\t\t<img decoding=\"async\" width=\"300\" height=\"300\" src=\"https:\/\/sotalie.com\/wp-content\/uploads\/2024\/11\/IMG_E6310-300x300.jpg\" class=\"attachment-post-thumbnail size-post-thumbnail wp-image-233\" alt=\"\" srcset=\"https:\/\/sotalie.com\/wp-content\/uploads\/2024\/11\/IMG_E6310-300x300.jpg 300w, https:\/\/sotalie.com\/wp-content\/uploads\/2024\/11\/IMG_E6310-150x150.jpg 150w, https:\/\/sotalie.com\/wp-content\/uploads\/2024\/11\/IMG_E6310-100x100.jpg 100w\" sizes=\"(max-width: 300px) 100vw, 300px\" \/>\t\t\t\t\t\t\t\t\t\t\t\t\t\t\t<\/div>\n\t\t\t\t<\/div>\n\t\t\t\t<div class=\"elementor-element elementor-element-3dbfb7f elementor-widget elementor-widget-text-editor\" data-id=\"3dbfb7f\" data-element_type=\"widget\" data-widget_type=\"text-editor.default\">\n\t\t\t\t<div class=\"elementor-widget-container\">\n\t\t\t\t\t\t\t\t\t<p>\u00a0<\/p><p>Profitez d&#8217;un v\u00e9ritable<strong> mini-bar<\/strong> a disposition pour la confection de vos cocktails pr\u00e9f\u00e9r\u00e9s.<\/p>\t\t\t\t\t\t\t\t<\/div>\n\t\t\t\t<\/div>\n\t\t\t\t<div class=\"elementor-element elementor-element-089bb4a elementor-widget elementor-widget-image\" data-id=\"089bb4a\" data-element_type=\"widget\" data-widget_type=\"image.default\">\n\t\t\t\t<div class=\"elementor-widget-container\">\n\t\t\t\t\t\t\t\t\t\t\t\t\t\t\t<img decoding=\"async\" width=\"300\" height=\"300\" src=\"https:\/\/sotalie.com\/wp-content\/uploads\/2024\/04\/IMG_5677-e1731356822438-300x300.jpeg\" class=\"attachment-post-thumbnail size-post-thumbnail wp-image-219\" alt=\"Barbecue BBQ surle bateau \u00e0 l&#039;\u00eelet la m\u00e8re\" srcset=\"https:\/\/sotalie.com\/wp-content\/uploads\/2024\/04\/IMG_5677-e1731356822438-300x300.jpeg 300w, https:\/\/sotalie.com\/wp-content\/uploads\/2024\/04\/IMG_5677-e1731356822438-150x150.jpeg 150w, https:\/\/sotalie.com\/wp-content\/uploads\/2024\/04\/IMG_5677-e1731356822438-100x100.jpeg 100w\" sizes=\"(max-width: 300px) 100vw, 300px\" \/>\t\t\t\t\t\t\t\t\t\t\t\t\t\t\t<\/div>\n\t\t\t\t<\/div>\n\t\t\t\t<div class=\"elementor-element elementor-element-29f4640 elementor-widget elementor-widget-text-editor\" data-id=\"29f4640\" data-element_type=\"widget\" data-widget_type=\"text-editor.default\">\n\t\t\t\t<div class=\"elementor-widget-container\">\n\t\t\t\t\t\t\t\t\t<p>\u00a0<\/p><p><strong>Un BBQ<\/strong> au gaz est disponible en option pour vos grillades. Pensez a en faire la demande avant le d\u00e9part !<\/p>\t\t\t\t\t\t\t\t<\/div>\n\t\t\t\t<\/div>\n\t\t\t\t<div class=\"elementor-element elementor-element-c3d9d8a elementor-widget elementor-widget-image\" data-id=\"c3d9d8a\" data-element_type=\"widget\" data-widget_type=\"image.default\">\n\t\t\t\t<div class=\"elementor-widget-container\">\n\t\t\t\t\t\t\t\t\t\t\t\t\t\t\t<img loading=\"lazy\" decoding=\"async\" width=\"300\" height=\"300\" src=\"https:\/\/sotalie.com\/wp-content\/uploads\/2024\/04\/IMG_9721-300x300.jpg\" class=\"attachment-post-thumbnail size-post-thumbnail wp-image-579\" alt=\"Ilet la M\u00e8re SOTALIE EXCURSIONS\" srcset=\"https:\/\/sotalie.com\/wp-content\/uploads\/2024\/04\/IMG_9721-300x300.jpg 300w, https:\/\/sotalie.com\/wp-content\/uploads\/2024\/04\/IMG_9721-150x150.jpg 150w, https:\/\/sotalie.com\/wp-content\/uploads\/2024\/04\/IMG_9721-100x100.jpg 100w\" sizes=\"(max-width: 300px) 100vw, 300px\" \/>\t\t\t\t\t\t\t\t\t\t\t\t\t\t\t<\/div>\n\t\t\t\t<\/div>\n\t\t\t\t<div class=\"elementor-element elementor-element-8e42fdf elementor-widget elementor-widget-text-editor\" data-id=\"8e42fdf\" data-element_type=\"widget\" data-widget_type=\"text-editor.default\">\n\t\t\t\t<div class=\"elementor-widget-container\">\n\t\t\t\t\t\t\t\t\t<p>\u00a0<\/p><p>Apr\u00e8s une baignade, rincez-vous imm\u00e9diatement avec la <strong>douche int\u00e9gr\u00e9e<\/strong>. Vous remontez \u00e0 bord sans sel ni sable, pr\u00eat pour la suite de l\u2019aventure.<\/p>\t\t\t\t\t\t\t\t<\/div>\n\t\t\t\t<\/div>\n\t\t\t\t<div class=\"elementor-element elementor-element-932eb9e elementor-widget elementor-widget-image\" data-id=\"932eb9e\" data-element_type=\"widget\" data-widget_type=\"image.default\">\n\t\t\t\t<div class=\"elementor-widget-container\">\n\t\t\t\t\t\t\t\t\t\t\t\t\t\t\t<img loading=\"lazy\" decoding=\"async\" width=\"300\" height=\"300\" src=\"https:\/\/sotalie.com\/wp-content\/uploads\/2025\/03\/IMG_8560-300x300.jpg\" class=\"attachment-post-thumbnail size-post-thumbnail wp-image-362\" alt=\"\" srcset=\"https:\/\/sotalie.com\/wp-content\/uploads\/2025\/03\/IMG_8560-300x300.jpg 300w, https:\/\/sotalie.com\/wp-content\/uploads\/2025\/03\/IMG_8560-150x150.jpg 150w, https:\/\/sotalie.com\/wp-content\/uploads\/2025\/03\/IMG_8560-100x100.jpg 100w\" sizes=\"(max-width: 300px) 100vw, 300px\" \/>\t\t\t\t\t\t\t\t\t\t\t\t\t\t\t<\/div>\n\t\t\t\t<\/div>\n\t\t\t\t<div class=\"elementor-element elementor-element-60ee470 elementor-widget elementor-widget-text-editor\" data-id=\"60ee470\" data-element_type=\"widget\" data-widget_type=\"text-editor.default\">\n\t\t\t\t<div class=\"elementor-widget-container\">\n\t\t\t\t\t\t\t\t\t<p>\u00a0<\/p><p>Oubliez les si\u00e8ges rigides : \u00e9tendez-vous sur <strong>le grand pouf rembourr\u00e9<\/strong> plac\u00e9 \u00e0 l\u2019avant. Vous profitez ainsi d\u2019une vue panoramique et d\u2019un confort lounge, parfait pour la sieste ou la bronzette.<\/p>\t\t\t\t\t\t\t\t<\/div>\n\t\t\t\t<\/div>\n\t\t\t\t<div class=\"elementor-element elementor-element-711a026 elementor-widget elementor-widget-image\" data-id=\"711a026\" data-element_type=\"widget\" data-widget_type=\"image.default\">\n\t\t\t\t<div class=\"elementor-widget-container\">\n\t\t\t\t\t\t\t\t\t\t\t\t\t\t\t<img loading=\"lazy\" decoding=\"async\" width=\"300\" height=\"300\" src=\"https:\/\/sotalie.com\/wp-content\/uploads\/2025\/03\/IMG_8575-300x300.jpg\" class=\"attachment-post-thumbnail size-post-thumbnail wp-image-365\" alt=\"Glaci\u00e8re \u00e0 l&#039;\u00eelet la m\u00e8re sur le bateau\" srcset=\"https:\/\/sotalie.com\/wp-content\/uploads\/2025\/03\/IMG_8575-300x300.jpg 300w, https:\/\/sotalie.com\/wp-content\/uploads\/2025\/03\/IMG_8575-150x150.jpg 150w, https:\/\/sotalie.com\/wp-content\/uploads\/2025\/03\/IMG_8575-100x100.jpg 100w\" sizes=\"(max-width: 300px) 100vw, 300px\" \/>\t\t\t\t\t\t\t\t\t\t\t\t\t\t\t<\/div>\n\t\t\t\t<\/div>\n\t\t\t\t<div class=\"elementor-element elementor-element-788895b elementor-widget elementor-widget-text-editor\" data-id=\"788895b\" data-element_type=\"widget\" data-widget_type=\"text-editor.default\">\n\t\t\t\t<div class=\"elementor-widget-container\">\n\t\t\t\t\t\t\t\t\t<p>\u00a0<\/p><p><strong>Une grande glaci\u00e8re<\/strong> pleine de glace avec des rafraichissements pour y maintenir vos boissons et votre repas au frais.<\/p><p>Il y aura toujours de la place !<\/p>\t\t\t\t\t\t\t\t<\/div>\n\t\t\t\t<\/div>\n\t\t\t\t<div class=\"elementor-element elementor-element-a32945a elementor-widget elementor-widget-image\" data-id=\"a32945a\" data-element_type=\"widget\" data-widget_type=\"image.default\">\n\t\t\t\t<div class=\"elementor-widget-container\">\n\t\t\t\t\t\t\t\t\t\t\t\t\t\t\t<img loading=\"lazy\" decoding=\"async\" width=\"300\" height=\"300\" src=\"https:\/\/sotalie.com\/wp-content\/uploads\/2025\/03\/IMG_8579-300x300.jpg\" class=\"attachment-post-thumbnail size-post-thumbnail wp-image-366\" alt=\"Stand up paddle \u00e0 l&#039;\u00eelet l\u00e0 m\u00e8re\" srcset=\"https:\/\/sotalie.com\/wp-content\/uploads\/2025\/03\/IMG_8579-300x300.jpg 300w, https:\/\/sotalie.com\/wp-content\/uploads\/2025\/03\/IMG_8579-150x150.jpg 150w, https:\/\/sotalie.com\/wp-content\/uploads\/2025\/03\/IMG_8579-100x100.jpg 100w\" sizes=\"(max-width: 300px) 100vw, 300px\" \/>\t\t\t\t\t\t\t\t\t\t\t\t\t\t\t<\/div>\n\t\t\t\t<\/div>\n\t\t\t\t<div class=\"elementor-element elementor-element-1c0720c elementor-widget elementor-widget-text-editor\" data-id=\"1c0720c\" data-element_type=\"widget\" data-widget_type=\"text-editor.default\">\n\t\t\t\t<div class=\"elementor-widget-container\">\n\t\t\t\t\t\t\t\t\t<p>\u00a0<\/p><p>Le bateau transporte un <strong>paddle gonflable<\/strong>. Le skipper le met \u00e0 l\u2019eau en quelques minutes ; \u00e0 vous de glisser silencieusement, d\u2019approcher les oiseaux\/tortues ou dauphins et de prendre des photos uniques. Ou tout simplement bronzer ou juste se baigner pr\u00e8s du bateau<\/p>\t\t\t\t\t\t\t\t<\/div>\n\t\t\t\t<\/div>\n\t\t\t\t\t<\/div>\n\t\t\t\t<\/div>\n\t\t\t\t<\/div>\n\t\t","protected":false},"excerpt":{"rendered":"<p>Le 4 Moun Max : Votre bateau pour explorer la Guyane en toute s\u00e9r\u00e9nit\u00e9 Embarquez \u00e0 bord du 4 Moun Max, notre vedette de 8 m\u00e8tres con\u00e7ue pour vous offrir des excursions en mer confortables et s\u00e9curis\u00e9es. Que ce soit pour d\u00e9couvrir l&#8217;\u00celet la M\u00e8re, observer les dauphins Sotalie ou admirer un coucher de soleil&hellip;<\/p>\n","protected":false},"author":1,"featured_media":0,"parent":0,"menu_order":0,"comment_status":"closed","ping_status":"closed","template":"","meta":{"footnotes":""},"class_list":["post-30","page","type-page","status-publish","hentry"],"yoast_head":"<!-- This site is optimized with the Yoast SEO plugin v25.4 - https:\/\/yoast.com\/wordpress\/plugins\/seo\/ -->\n<title>4 Moun Max -<\/title>\n<meta name=\"description\" content=\"Partez en excursion priv\u00e9e en bateau : explorez l&#039;\u00celet la M\u00e8re, Cacao, les dauphins Sotalie et les couchers de soleil aux \u00eelets en Guyane !\" \/>\n<meta name=\"robots\" content=\"index, follow, max-snippet:-1, max-image-preview:large, max-video-preview:-1\" \/>\n<link rel=\"canonical\" href=\"https:\/\/sotalie.com\/index.php\/nos-bateaux\/\" \/>\n<meta property=\"og:locale\" content=\"fr_FR\" \/>\n<meta property=\"og:type\" content=\"article\" \/>\n<meta property=\"og:title\" content=\"4 Moun Max -\" \/>\n<meta property=\"og:description\" content=\"Partez en excursion priv\u00e9e en bateau : explorez l&#039;\u00celet la M\u00e8re, Cacao, les dauphins Sotalie et les couchers de soleil aux \u00eelets en Guyane !\" \/>\n<meta property=\"og:url\" content=\"https:\/\/sotalie.com\/index.php\/nos-bateaux\/\" \/>\n<meta property=\"article:publisher\" content=\"https:\/\/www.facebook.com\/4mounmax\" \/>\n<meta property=\"article:modified_time\" content=\"2026-03-20T20:57:58+00:00\" \/>\n<meta property=\"og:image\" content=\"https:\/\/sotalie.com\/wp-content\/uploads\/2025\/09\/38EA4779630E459574E28F23D4A3ED53.jpg\" \/>\n\t<meta property=\"og:image:width\" content=\"2315\" \/>\n\t<meta property=\"og:image:height\" content=\"2246\" \/>\n\t<meta property=\"og:image:type\" content=\"image\/jpeg\" \/>\n<meta name=\"twitter:card\" content=\"summary_large_image\" \/>\n<meta name=\"twitter:label1\" content=\"Dur\u00e9e de lecture estim\u00e9e\" \/>\n\t<meta name=\"twitter:data1\" content=\"3 minutes\" \/>\n<script type=\"application\/ld+json\" class=\"yoast-schema-graph\">{\"@context\":\"https:\/\/schema.org\",\"@graph\":[{\"@type\":\"WebPage\",\"@id\":\"https:\/\/sotalie.com\/index.php\/nos-bateaux\/\",\"url\":\"https:\/\/sotalie.com\/index.php\/nos-bateaux\/\",\"name\":\"4 Moun Max -\",\"isPartOf\":{\"@id\":\"https:\/\/sotalie.com\/#website\"},\"primaryImageOfPage\":{\"@id\":\"https:\/\/sotalie.com\/index.php\/nos-bateaux\/#primaryimage\"},\"image\":{\"@id\":\"https:\/\/sotalie.com\/index.php\/nos-bateaux\/#primaryimage\"},\"thumbnailUrl\":\"https:\/\/sotalie.com\/wp-content\/uploads\/2025\/09\/38EA4779630E459574E28F23D4A3ED53-1024x993.jpg\",\"datePublished\":\"2024-04-12T23:27:43+00:00\",\"dateModified\":\"2026-03-20T20:57:58+00:00\",\"description\":\"Partez en excursion priv\u00e9e en bateau : explorez l'\u00celet la M\u00e8re, Cacao, les dauphins Sotalie et les couchers de soleil aux \u00eelets en Guyane !\",\"breadcrumb\":{\"@id\":\"https:\/\/sotalie.com\/index.php\/nos-bateaux\/#breadcrumb\"},\"inLanguage\":\"fr-FR\",\"potentialAction\":[{\"@type\":\"ReadAction\",\"target\":[\"https:\/\/sotalie.com\/index.php\/nos-bateaux\/\"]}]},{\"@type\":\"ImageObject\",\"inLanguage\":\"fr-FR\",\"@id\":\"https:\/\/sotalie.com\/index.php\/nos-bateaux\/#primaryimage\",\"url\":\"https:\/\/sotalie.com\/wp-content\/uploads\/2025\/09\/38EA4779630E459574E28F23D4A3ED53.jpg\",\"contentUrl\":\"https:\/\/sotalie.com\/wp-content\/uploads\/2025\/09\/38EA4779630E459574E28F23D4A3ED53.jpg\",\"width\":2315,\"height\":2246,\"caption\":\"DCIM100MEDIADJI_0170.JPG\"},{\"@type\":\"BreadcrumbList\",\"@id\":\"https:\/\/sotalie.com\/index.php\/nos-bateaux\/#breadcrumb\",\"itemListElement\":[{\"@type\":\"ListItem\",\"position\":1,\"name\":\"Accueil\",\"item\":\"https:\/\/sotalie.com\/\"},{\"@type\":\"ListItem\",\"position\":2,\"name\":\"4 Moun Max\"}]},{\"@type\":\"WebSite\",\"@id\":\"https:\/\/sotalie.com\/#website\",\"url\":\"https:\/\/sotalie.com\/\",\"name\":\"Tourisme Bateau Guyane\",\"description\":\"\",\"publisher\":{\"@id\":\"https:\/\/sotalie.com\/#organization\"},\"potentialAction\":[{\"@type\":\"SearchAction\",\"target\":{\"@type\":\"EntryPoint\",\"urlTemplate\":\"https:\/\/sotalie.com\/?s={search_term_string}\"},\"query-input\":{\"@type\":\"PropertyValueSpecification\",\"valueRequired\":true,\"valueName\":\"search_term_string\"}}],\"inLanguage\":\"fr-FR\"},{\"@type\":\"Organization\",\"@id\":\"https:\/\/sotalie.com\/#organization\",\"name\":\"Tourisme Bateau Guyane\",\"url\":\"https:\/\/sotalie.com\/\",\"logo\":{\"@type\":\"ImageObject\",\"inLanguage\":\"fr-FR\",\"@id\":\"https:\/\/sotalie.com\/#\/schema\/logo\/image\/\",\"url\":\"https:\/\/sotalie.com\/wp-content\/uploads\/2025\/02\/cropped-LOGO-SOTALIE-1.png\",\"contentUrl\":\"https:\/\/sotalie.com\/wp-content\/uploads\/2025\/02\/cropped-LOGO-SOTALIE-1.png\",\"width\":1585,\"height\":1505,\"caption\":\"Tourisme Bateau Guyane\"},\"image\":{\"@id\":\"https:\/\/sotalie.com\/#\/schema\/logo\/image\/\"},\"sameAs\":[\"https:\/\/www.facebook.com\/4mounmax\"]}]}<\/script>\n<!-- \/ Yoast SEO plugin. -->","yoast_head_json":{"title":"4 Moun Max -","description":"Partez en excursion priv\u00e9e en bateau : explorez l'\u00celet la M\u00e8re, Cacao, les dauphins Sotalie et les couchers de soleil aux \u00eelets en Guyane !","robots":{"index":"index","follow":"follow","max-snippet":"max-snippet:-1","max-image-preview":"max-image-preview:large","max-video-preview":"max-video-preview:-1"},"canonical":"https:\/\/sotalie.com\/index.php\/nos-bateaux\/","og_locale":"fr_FR","og_type":"article","og_title":"4 Moun Max -","og_description":"Partez en excursion priv\u00e9e en bateau : explorez l'\u00celet la M\u00e8re, Cacao, les dauphins Sotalie et les couchers de soleil aux \u00eelets en Guyane !","og_url":"https:\/\/sotalie.com\/index.php\/nos-bateaux\/","article_publisher":"https:\/\/www.facebook.com\/4mounmax","article_modified_time":"2026-03-20T20:57:58+00:00","og_image":[{"width":2315,"height":2246,"url":"https:\/\/sotalie.com\/wp-content\/uploads\/2025\/09\/38EA4779630E459574E28F23D4A3ED53.jpg","type":"image\/jpeg"}],"twitter_card":"summary_large_image","twitter_misc":{"Dur\u00e9e de lecture estim\u00e9e":"3 minutes"},"schema":{"@context":"https:\/\/schema.org","@graph":[{"@type":"WebPage","@id":"https:\/\/sotalie.com\/index.php\/nos-bateaux\/","url":"https:\/\/sotalie.com\/index.php\/nos-bateaux\/","name":"4 Moun Max -","isPartOf":{"@id":"https:\/\/sotalie.com\/#website"},"primaryImageOfPage":{"@id":"https:\/\/sotalie.com\/index.php\/nos-bateaux\/#primaryimage"},"image":{"@id":"https:\/\/sotalie.com\/index.php\/nos-bateaux\/#primaryimage"},"thumbnailUrl":"https:\/\/sotalie.com\/wp-content\/uploads\/2025\/09\/38EA4779630E459574E28F23D4A3ED53-1024x993.jpg","datePublished":"2024-04-12T23:27:43+00:00","dateModified":"2026-03-20T20:57:58+00:00","description":"Partez en excursion priv\u00e9e en bateau : explorez l'\u00celet la M\u00e8re, Cacao, les dauphins Sotalie et les couchers de soleil aux \u00eelets en Guyane !","breadcrumb":{"@id":"https:\/\/sotalie.com\/index.php\/nos-bateaux\/#breadcrumb"},"inLanguage":"fr-FR","potentialAction":[{"@type":"ReadAction","target":["https:\/\/sotalie.com\/index.php\/nos-bateaux\/"]}]},{"@type":"ImageObject","inLanguage":"fr-FR","@id":"https:\/\/sotalie.com\/index.php\/nos-bateaux\/#primaryimage","url":"https:\/\/sotalie.com\/wp-content\/uploads\/2025\/09\/38EA4779630E459574E28F23D4A3ED53.jpg","contentUrl":"https:\/\/sotalie.com\/wp-content\/uploads\/2025\/09\/38EA4779630E459574E28F23D4A3ED53.jpg","width":2315,"height":2246,"caption":"DCIM100MEDIADJI_0170.JPG"},{"@type":"BreadcrumbList","@id":"https:\/\/sotalie.com\/index.php\/nos-bateaux\/#breadcrumb","itemListElement":[{"@type":"ListItem","position":1,"name":"Accueil","item":"https:\/\/sotalie.com\/"},{"@type":"ListItem","position":2,"name":"4 Moun Max"}]},{"@type":"WebSite","@id":"https:\/\/sotalie.com\/#website","url":"https:\/\/sotalie.com\/","name":"Tourisme Bateau Guyane","description":"","publisher":{"@id":"https:\/\/sotalie.com\/#organization"},"potentialAction":[{"@type":"SearchAction","target":{"@type":"EntryPoint","urlTemplate":"https:\/\/sotalie.com\/?s={search_term_string}"},"query-input":{"@type":"PropertyValueSpecification","valueRequired":true,"valueName":"search_term_string"}}],"inLanguage":"fr-FR"},{"@type":"Organization","@id":"https:\/\/sotalie.com\/#organization","name":"Tourisme Bateau Guyane","url":"https:\/\/sotalie.com\/","logo":{"@type":"ImageObject","inLanguage":"fr-FR","@id":"https:\/\/sotalie.com\/#\/schema\/logo\/image\/","url":"https:\/\/sotalie.com\/wp-content\/uploads\/2025\/02\/cropped-LOGO-SOTALIE-1.png","contentUrl":"https:\/\/sotalie.com\/wp-content\/uploads\/2025\/02\/cropped-LOGO-SOTALIE-1.png","width":1585,"height":1505,"caption":"Tourisme Bateau Guyane"},"image":{"@id":"https:\/\/sotalie.com\/#\/schema\/logo\/image\/"},"sameAs":["https:\/\/www.facebook.com\/4mounmax"]}]}},"_links":{"self":[{"href":"https:\/\/sotalie.com\/index.php\/wp-json\/wp\/v2\/pages\/30","targetHints":{"allow":["GET"]}}],"collection":[{"href":"https:\/\/sotalie.com\/index.php\/wp-json\/wp\/v2\/pages"}],"about":[{"href":"https:\/\/sotalie.com\/index.php\/wp-json\/wp\/v2\/types\/page"}],"author":[{"embeddable":true,"href":"https:\/\/sotalie.com\/index.php\/wp-json\/wp\/v2\/users\/1"}],"replies":[{"embeddable":true,"href":"https:\/\/sotalie.com\/index.php\/wp-json\/wp\/v2\/comments?post=30"}],"version-history":[{"count":51,"href":"https:\/\/sotalie.com\/index.php\/wp-json\/wp\/v2\/pages\/30\/revisions"}],"predecessor-version":[{"id":807,"href":"https:\/\/sotalie.com\/index.php\/wp-json\/wp\/v2\/pages\/30\/revisions\/807"}],"wp:attachment":[{"href":"https:\/\/sotalie.com\/index.php\/wp-json\/wp\/v2\/media?parent=30"}],"curies":[{"name":"wp","href":"https:\/\/api.w.org\/{rel}","templated":true}]}}