{"id":38,"date":"2024-04-13T23:28:48","date_gmt":"2024-04-13T21:28:48","guid":{"rendered":"http:\/\/192.168.56.1\/woocommerce\/?post_type=product&#038;p=38"},"modified":"2026-03-09T00:01:53","modified_gmt":"2026-03-09T03:01:53","slug":"bateau-guyane-cacao-excursion-fluviale-inoubliable","status":"publish","type":"product","link":"https:\/\/sotalie.com\/index.php\/produit\/bateau-guyane-cacao-excursion-fluviale-inoubliable\/","title":{"rendered":"D\u00e9couverte du fleuve en bateau en Guyane jusqu&#8217;\u00e0 Cacao"},"content":{"rendered":"<h2 data-start=\"232\" data-end=\"298\">\u2747\ufe0f\u00c0 la d\u00e9couverte du fleuve en <strong data-start=\"264\" data-end=\"298\">bateau en Guyane jusqu&#8217;\u00e0 Cacao<\/strong><\/h2>\n<p data-start=\"300\" data-end=\"565\"><strong data-start=\"300\" data-end=\"431\">Envie d\u2019une aventure inoubliable en Guyane ? Embarquez pour une excursion fluviale unique en bateau jusqu\u2019au village de Cacao !<\/strong> Situ\u00e9 en plein c\u0153ur de la for\u00eat tropicale, ce parcours vous fera d\u00e9couvrir la richesse naturelle, culturelle et humaine de la Guyane.<\/p>\n<p data-start=\"567\" data-end=\"980\">Naviguer sur le fleuve en <strong data-start=\"593\" data-end=\"613\">bateau en Guyane<\/strong> est une mani\u00e8re authentique d\u2019explorer ce territoire hors du commun. Entre mangroves, criques sauvages et faune exceptionnelle, chaque d\u00e9tour est une immersion dans une nature pr\u00e9serv\u00e9e. Le trajet jusqu\u2019\u00e0 <strong data-start=\"819\" data-end=\"828\">Cacao<\/strong>, petit village fond\u00e9 par la communaut\u00e9 Hmong, est ponctu\u00e9 de rencontres, d\u2019observations animali\u00e8res et d\u2019anecdotes passionnantes sur l\u2019histoire locale.<\/p>\n<p data-start=\"982\" data-end=\"1255\">Nos excursions en bateau vers <strong data-start=\"1012\" data-end=\"1031\">Cacao en Guyane<\/strong> sont accompagn\u00e9es par des guides passionn\u00e9s qui partagent leurs connaissances sur l\u2019environnement amazonien. Arriv\u00e9s \u00e0 Cacao, vous d\u00e9couvrirez son c\u00e9l\u00e8bre march\u00e9 du dimanche, sa gastronomie asiatique et ses artisans locaux.<\/p>\n<h3 data-start=\"122\" data-end=\"173\">Programme d\u00e9taill\u00e9 de l\u2019excursion vers Cacao<\/h3>\n<p data-start=\"175\" data-end=\"330\">\u00a0 \u00a0 \u00a0\ud83d\udea4 <strong data-start=\"180\" data-end=\"211\">D\u00e9part de D\u00e9grad des Cannes<br \/>\n<\/strong>Nous naviguons en direction du fleuve de <strong data-start=\"255\" data-end=\"296\"><span class=\"hover:entity-accent entity-underline inline cursor-pointer align-baseline\"><span class=\"whitespace-normal\">La Comt\u00e9<\/span><\/span><\/strong>, au c\u0153ur d\u2019une nature luxuriante. Tout au long de la balade vous pourrez faire diverses observations tel que les Ibis rouges, Toucans, tortues aquatiques etc&#8230; et peut-\u00eatre m\u00eame des dauphins Sotalie !<\/p>\n<p data-start=\"332\" data-end=\"457\">\u00a0 \u00a0 \u00a0\ud83c\udff9 <strong data-start=\"337\" data-end=\"365\">Escale au village Favard<\/strong><br data-start=\"365\" data-end=\"368\" \/>D\u00e9couvrez l\u2019artisanat am\u00e9rindien local et apprenez l\u2019histoire de ce village traditionnel.<\/p>\n<p data-start=\"459\" data-end=\"667\">\u00a0 \u00a0 \u00a0\ud83c\udfd6\ufe0f <strong data-start=\"465\" data-end=\"494\">Pause baignade &amp; ap\u00e9ritif<\/strong><br data-start=\"494\" data-end=\"497\" \/>Profitez d\u2019un moment convivial sur le <strong data-start=\"535\" data-end=\"564\">banc de sable de la Comt\u00e9<\/strong> et\/ou \u00e0 la <strong data-start=\"576\" data-end=\"594\">crique Nancibo<\/strong> selon les conditions : baignade, d\u00e9tente et ap\u00e9ro dans un cadre sauvage.<\/p>\n<p data-start=\"669\" data-end=\"876\">\u00a0 \u00a0 \u00a0\ud83c\udf3f <strong data-start=\"674\" data-end=\"737\">Arriv\u00e9e au village de <span class=\"hover:entity-accent entity-underline inline cursor-pointer align-baseline\"><span class=\"whitespace-normal\">Cacao<\/span><\/span><\/strong><br data-start=\"737\" data-end=\"740\" \/>B\u00e9n\u00e9ficiez d\u2019environ <strong data-start=\"761\" data-end=\"784\">2h de temps libre<\/strong> pour visiter le march\u00e9 (le dimanche), fl\u00e2ner dans le village et d\u00e9couvrir la culture Hmong.<\/p>\n<p data-start=\"878\" data-end=\"1035\">\u00a0 \u00a0 \u00a0\ud83c\udf5c <strong data-start=\"883\" data-end=\"918\">D\u00e9jeuner libre (\u00e0 votre charge)<\/strong><br data-start=\"918\" data-end=\"921\" \/>Choisissez parmi les diff\u00e9rentes options sur place : restaurants locaux, stands du march\u00e9 ou restaurant du D\u00e9grad.<\/p>\n<h3 data-start=\"1257\" data-end=\"1326\">Pourquoi choisir notre excursion en bateau en Guyane vers Cacao ?<\/h3>\n<p data-start=\"1329\" data-end=\"1373\">\u00a0 \u00a0 \u00a0 \u2705 Parcours fluvial s\u00e9curis\u00e9 et adapt\u00e9 \u00e0 tous<\/p>\n<p data-start=\"1376\" data-end=\"1431\">\u00a0 \u00a0 \u00a0 \u2747\ufe0fEncadrement professionnel par des guides exp\u00e9riment\u00e9s<\/p>\n<p data-start=\"1434\" data-end=\"1494\">\u00a0 \u00a0 \u00a0 \u2705 D\u00e9couverte culturelle et gastronomique du village de Cacao<\/p>\n<p data-start=\"1497\" data-end=\"1549\">\u00a0 \u00a0 \u00a0 \u2747\ufe0f\u00a0Respect de l\u2019environnement et tourisme responsable<\/p>\n<p data-start=\"1551\" data-end=\"1743\">Ne manquez pas cette exp\u00e9rience immersive compl\u00e8te qui combine navigation, culture, d\u00e9tente et gastronomie au c\u0153ur de la Guyane. R\u00e9servez d\u00e8s maintenant votre <strong data-start=\"1661\" data-end=\"1708\">excursion en bateau en Guyane jusqu&#8217;\u00e0 Cacao<\/strong> et vivez une journ\u00e9e inoubliable !<\/p>\n<hr data-start=\"1745\" data-end=\"1748\" \/>\n<h3 data-start=\"1750\" data-end=\"1771\">Infos pratiques :<\/h3>\n<p data-start=\"1774\" data-end=\"1807\">\u00a0 \u00a0 \ud83d\udccd D\u00e9part : Port de D\u00e9grad des Cannes<\/p>\n<p data-start=\"1810\" data-end=\"1849\">\u00a0 \u00a0 \ud83d\udcc5 Sorties les dimanches jours de march\u00e9 \u00e0 Cacao<\/p>\n<p data-start=\"1852\" data-end=\"1881\">\u00a0 \u00a0 \ud83d\udd52 Dur\u00e9e : environ 7 heures<\/p>\n<p data-start=\"1884\" data-end=\"1928\">\u00a0 \u00a0 \ud83d\udcac Langues parl\u00e9es : fran\u00e7ais, anglais.<\/p>\n<p>&nbsp;<\/p>\n<h3><strong>A votre charge<\/strong><\/h3>\n<p>\u2022 Votre repas du midi<br \/>\n\u2022 \u00c9quipement conseill\u00e9 : K-way ou poncho, chapeau, protection solaire, tenue de bain.<\/p>\n<p>&nbsp;<\/p>\n<p>Pour en savoir plus sur le bateau c&#8217;est\u00a0 <a href=\"https:\/\/sotalie.com\/index.php\/nos-bateaux\/\">ICI<\/a><\/p>\n<h3 data-start=\"1935\" data-end=\"1953\"><\/h3>\n<h3 data-start=\"1935\" data-end=\"1953\">Liens utiles :<\/h3>\n<ul data-start=\"1954\" data-end=\"2171\">\n<li data-start=\"1954\" data-end=\"2042\">\n<p data-start=\"1956\" data-end=\"2042\"><a class=\"\" href=\"https:\/\/fr.wikipedia.org\/wiki\/Cacao_(Guyane)\" target=\"_new\" rel=\"noopener\" data-start=\"1956\" data-end=\"2040\">Informations sur le village de Cacao<\/a><\/p>\n<\/li>\n<li data-start=\"2043\" data-end=\"2111\">\n<p data-start=\"2045\" data-end=\"2111\"><a class=\"\" href=\"https:\/\/www.guyane-amazonie.fr\" target=\"_new\" rel=\"noopener\" data-start=\"2045\" data-end=\"2109\">Guide touristique de la Guyane<\/a><\/p>\n<\/li>\n<\/ul>\n","protected":false},"excerpt":{"rendered":"<p><strong data-start=\"127\" data-end=\"210\">Partez en bateau \u00e0 la d\u00e9couverte du fleuve en Guyane jusqu\u2019au village de Cacao<\/strong><\/p>\n<p data-start=\"1774\" data-end=\"1807\">\u00a0 \u00a0 \u2728Priv\u00e9 : 1 \u00e0 7 personnes<\/p>\n<p data-start=\"1774\" data-end=\"1807\">\u00a0 \u00a0 \ud83d\udccd D\u00e9part : Port de D\u00e9grad des Cannes<\/p>\n<p data-start=\"1810\" data-end=\"1849\">\u00a0 \u00a0 \ud83d\udcc5 Sorties les dimanches jours de march\u00e9 \u00e0 Cacao<\/p>\n<p data-start=\"1852\" data-end=\"1881\">\u00a0 \u00a0 \ud83d\udd52 Dur\u00e9e : environ 7 heures D\u00e9part 09h00 et retour 16h00 au port<\/p>\n<p data-start=\"1852\" data-end=\"1881\">\u00a0 \u00a0 \u2705 Difficult\u00e9 : Facile<\/p>\n<p data-start=\"1884\" data-end=\"1928\">\u00a0 \u00a0 \ud83d\udcac Langues parl\u00e9es : fran\u00e7ais, anglais.<\/p>\n","protected":false},"featured_media":39,"template":"","meta":[],"product_brand":[],"product_cat":[16],"product_tag":[],"class_list":{"0":"post-38","1":"product","2":"type-product","3":"status-publish","4":"has-post-thumbnail","6":"product_cat-excursions","7":"bookacti-activity","9":"first","10":"instock","11":"virtual","12":"sold-individually","13":"purchasable","14":"product-type-simple"},"yoast_head":"<!-- This site is optimized with the Yoast SEO plugin v25.4 - https:\/\/yoast.com\/wordpress\/plugins\/seo\/ -->\n<title>D\u00e9couverte du fleuve en bateau en Guyane jusqu&#039;\u00e0 Cacao -<\/title>\n<meta name=\"description\" content=\"Partez en bateau en Guyane jusqu\u2019\u00e0 Cacao ! Nature, culture et aventure au c\u0153ur de l\u2019Amazonie. R\u00e9servez votre excursion fluviale d\u00e8s maintenant.\" \/>\n<meta name=\"robots\" content=\"index, follow, max-snippet:-1, max-image-preview:large, max-video-preview:-1\" \/>\n<link rel=\"canonical\" href=\"https:\/\/sotalie.com\/index.php\/produit\/bateau-guyane-cacao-excursion-fluviale-inoubliable\/\" \/>\n<meta property=\"og:locale\" content=\"fr_FR\" \/>\n<meta property=\"og:type\" content=\"article\" \/>\n<meta property=\"og:title\" content=\"D\u00e9couverte du fleuve en bateau en Guyane jusqu&#039;\u00e0 Cacao -\" \/>\n<meta property=\"og:description\" content=\"Partez en bateau en Guyane jusqu\u2019\u00e0 Cacao ! Nature, culture et aventure au c\u0153ur de l\u2019Amazonie. R\u00e9servez votre excursion fluviale d\u00e8s maintenant.\" \/>\n<meta property=\"og:url\" content=\"https:\/\/sotalie.com\/index.php\/produit\/bateau-guyane-cacao-excursion-fluviale-inoubliable\/\" \/>\n<meta property=\"article:publisher\" content=\"https:\/\/www.facebook.com\/4mounmax\" \/>\n<meta property=\"article:modified_time\" content=\"2026-03-09T03:01:53+00:00\" \/>\n<meta property=\"og:image\" content=\"https:\/\/sotalie.com\/wp-content\/uploads\/2024\/04\/Photo_Cacao.jpg\" \/>\n\t<meta property=\"og:image:width\" content=\"960\" \/>\n\t<meta property=\"og:image:height\" content=\"720\" \/>\n\t<meta property=\"og:image:type\" content=\"image\/jpeg\" \/>\n<meta name=\"twitter:card\" content=\"summary_large_image\" \/>\n<meta name=\"twitter:label1\" content=\"Dur\u00e9e de lecture estim\u00e9e\" \/>\n\t<meta name=\"twitter:data1\" content=\"3 minutes\" \/>\n<script type=\"application\/ld+json\" class=\"yoast-schema-graph\">{\"@context\":\"https:\/\/schema.org\",\"@graph\":[{\"@type\":\"WebPage\",\"@id\":\"https:\/\/sotalie.com\/index.php\/produit\/bateau-guyane-cacao-excursion-fluviale-inoubliable\/\",\"url\":\"https:\/\/sotalie.com\/index.php\/produit\/bateau-guyane-cacao-excursion-fluviale-inoubliable\/\",\"name\":\"D\u00e9couverte du fleuve en bateau en Guyane jusqu'\u00e0 Cacao -\",\"isPartOf\":{\"@id\":\"https:\/\/sotalie.com\/#website\"},\"primaryImageOfPage\":{\"@id\":\"https:\/\/sotalie.com\/index.php\/produit\/bateau-guyane-cacao-excursion-fluviale-inoubliable\/#primaryimage\"},\"image\":{\"@id\":\"https:\/\/sotalie.com\/index.php\/produit\/bateau-guyane-cacao-excursion-fluviale-inoubliable\/#primaryimage\"},\"thumbnailUrl\":\"https:\/\/sotalie.com\/wp-content\/uploads\/2024\/04\/Photo_Cacao.jpg\",\"datePublished\":\"2024-04-13T21:28:48+00:00\",\"dateModified\":\"2026-03-09T03:01:53+00:00\",\"description\":\"Partez en bateau en Guyane jusqu\u2019\u00e0 Cacao ! Nature, culture et aventure au c\u0153ur de l\u2019Amazonie. R\u00e9servez votre excursion fluviale d\u00e8s maintenant.\",\"breadcrumb\":{\"@id\":\"https:\/\/sotalie.com\/index.php\/produit\/bateau-guyane-cacao-excursion-fluviale-inoubliable\/#breadcrumb\"},\"inLanguage\":\"fr-FR\",\"potentialAction\":[{\"@type\":\"ReadAction\",\"target\":[\"https:\/\/sotalie.com\/index.php\/produit\/bateau-guyane-cacao-excursion-fluviale-inoubliable\/\"]}]},{\"@type\":\"ImageObject\",\"inLanguage\":\"fr-FR\",\"@id\":\"https:\/\/sotalie.com\/index.php\/produit\/bateau-guyane-cacao-excursion-fluviale-inoubliable\/#primaryimage\",\"url\":\"https:\/\/sotalie.com\/wp-content\/uploads\/2024\/04\/Photo_Cacao.jpg\",\"contentUrl\":\"https:\/\/sotalie.com\/wp-content\/uploads\/2024\/04\/Photo_Cacao.jpg\",\"width\":960,\"height\":720,\"caption\":\"excursion bateau Guyane vers Cacao\"},{\"@type\":\"BreadcrumbList\",\"@id\":\"https:\/\/sotalie.com\/index.php\/produit\/bateau-guyane-cacao-excursion-fluviale-inoubliable\/#breadcrumb\",\"itemListElement\":[{\"@type\":\"ListItem\",\"position\":1,\"name\":\"Accueil\",\"item\":\"https:\/\/sotalie.com\/\"},{\"@type\":\"ListItem\",\"position\":2,\"name\":\"Boutique\",\"item\":\"https:\/\/sotalie.com\/index.php\/boutique\/\"},{\"@type\":\"ListItem\",\"position\":3,\"name\":\"D\u00e9couverte du fleuve en bateau en Guyane jusqu&#8217;\u00e0 Cacao\"}]},{\"@type\":\"WebSite\",\"@id\":\"https:\/\/sotalie.com\/#website\",\"url\":\"https:\/\/sotalie.com\/\",\"name\":\"Tourisme Bateau Guyane\",\"description\":\"\",\"publisher\":{\"@id\":\"https:\/\/sotalie.com\/#organization\"},\"potentialAction\":[{\"@type\":\"SearchAction\",\"target\":{\"@type\":\"EntryPoint\",\"urlTemplate\":\"https:\/\/sotalie.com\/?s={search_term_string}\"},\"query-input\":{\"@type\":\"PropertyValueSpecification\",\"valueRequired\":true,\"valueName\":\"search_term_string\"}}],\"inLanguage\":\"fr-FR\"},{\"@type\":\"Organization\",\"@id\":\"https:\/\/sotalie.com\/#organization\",\"name\":\"Tourisme Bateau Guyane\",\"url\":\"https:\/\/sotalie.com\/\",\"logo\":{\"@type\":\"ImageObject\",\"inLanguage\":\"fr-FR\",\"@id\":\"https:\/\/sotalie.com\/#\/schema\/logo\/image\/\",\"url\":\"https:\/\/sotalie.com\/wp-content\/uploads\/2025\/02\/cropped-LOGO-SOTALIE-1.png\",\"contentUrl\":\"https:\/\/sotalie.com\/wp-content\/uploads\/2025\/02\/cropped-LOGO-SOTALIE-1.png\",\"width\":1585,\"height\":1505,\"caption\":\"Tourisme Bateau Guyane\"},\"image\":{\"@id\":\"https:\/\/sotalie.com\/#\/schema\/logo\/image\/\"},\"sameAs\":[\"https:\/\/www.facebook.com\/4mounmax\"]}]}<\/script>\n<!-- \/ Yoast SEO plugin. -->","yoast_head_json":{"title":"D\u00e9couverte du fleuve en bateau en Guyane jusqu'\u00e0 Cacao -","description":"Partez en bateau en Guyane jusqu\u2019\u00e0 Cacao ! Nature, culture et aventure au c\u0153ur de l\u2019Amazonie. R\u00e9servez votre excursion fluviale d\u00e8s maintenant.","robots":{"index":"index","follow":"follow","max-snippet":"max-snippet:-1","max-image-preview":"max-image-preview:large","max-video-preview":"max-video-preview:-1"},"canonical":"https:\/\/sotalie.com\/index.php\/produit\/bateau-guyane-cacao-excursion-fluviale-inoubliable\/","og_locale":"fr_FR","og_type":"article","og_title":"D\u00e9couverte du fleuve en bateau en Guyane jusqu'\u00e0 Cacao -","og_description":"Partez en bateau en Guyane jusqu\u2019\u00e0 Cacao ! Nature, culture et aventure au c\u0153ur de l\u2019Amazonie. R\u00e9servez votre excursion fluviale d\u00e8s maintenant.","og_url":"https:\/\/sotalie.com\/index.php\/produit\/bateau-guyane-cacao-excursion-fluviale-inoubliable\/","article_publisher":"https:\/\/www.facebook.com\/4mounmax","article_modified_time":"2026-03-09T03:01:53+00:00","og_image":[{"width":960,"height":720,"url":"https:\/\/sotalie.com\/wp-content\/uploads\/2024\/04\/Photo_Cacao.jpg","type":"image\/jpeg"}],"twitter_card":"summary_large_image","twitter_misc":{"Dur\u00e9e de lecture estim\u00e9e":"3 minutes"},"schema":{"@context":"https:\/\/schema.org","@graph":[{"@type":"WebPage","@id":"https:\/\/sotalie.com\/index.php\/produit\/bateau-guyane-cacao-excursion-fluviale-inoubliable\/","url":"https:\/\/sotalie.com\/index.php\/produit\/bateau-guyane-cacao-excursion-fluviale-inoubliable\/","name":"D\u00e9couverte du fleuve en bateau en Guyane jusqu'\u00e0 Cacao -","isPartOf":{"@id":"https:\/\/sotalie.com\/#website"},"primaryImageOfPage":{"@id":"https:\/\/sotalie.com\/index.php\/produit\/bateau-guyane-cacao-excursion-fluviale-inoubliable\/#primaryimage"},"image":{"@id":"https:\/\/sotalie.com\/index.php\/produit\/bateau-guyane-cacao-excursion-fluviale-inoubliable\/#primaryimage"},"thumbnailUrl":"https:\/\/sotalie.com\/wp-content\/uploads\/2024\/04\/Photo_Cacao.jpg","datePublished":"2024-04-13T21:28:48+00:00","dateModified":"2026-03-09T03:01:53+00:00","description":"Partez en bateau en Guyane jusqu\u2019\u00e0 Cacao ! Nature, culture et aventure au c\u0153ur de l\u2019Amazonie. R\u00e9servez votre excursion fluviale d\u00e8s maintenant.","breadcrumb":{"@id":"https:\/\/sotalie.com\/index.php\/produit\/bateau-guyane-cacao-excursion-fluviale-inoubliable\/#breadcrumb"},"inLanguage":"fr-FR","potentialAction":[{"@type":"ReadAction","target":["https:\/\/sotalie.com\/index.php\/produit\/bateau-guyane-cacao-excursion-fluviale-inoubliable\/"]}]},{"@type":"ImageObject","inLanguage":"fr-FR","@id":"https:\/\/sotalie.com\/index.php\/produit\/bateau-guyane-cacao-excursion-fluviale-inoubliable\/#primaryimage","url":"https:\/\/sotalie.com\/wp-content\/uploads\/2024\/04\/Photo_Cacao.jpg","contentUrl":"https:\/\/sotalie.com\/wp-content\/uploads\/2024\/04\/Photo_Cacao.jpg","width":960,"height":720,"caption":"excursion bateau Guyane vers Cacao"},{"@type":"BreadcrumbList","@id":"https:\/\/sotalie.com\/index.php\/produit\/bateau-guyane-cacao-excursion-fluviale-inoubliable\/#breadcrumb","itemListElement":[{"@type":"ListItem","position":1,"name":"Accueil","item":"https:\/\/sotalie.com\/"},{"@type":"ListItem","position":2,"name":"Boutique","item":"https:\/\/sotalie.com\/index.php\/boutique\/"},{"@type":"ListItem","position":3,"name":"D\u00e9couverte du fleuve en bateau en Guyane jusqu&#8217;\u00e0 Cacao"}]},{"@type":"WebSite","@id":"https:\/\/sotalie.com\/#website","url":"https:\/\/sotalie.com\/","name":"Tourisme Bateau Guyane","description":"","publisher":{"@id":"https:\/\/sotalie.com\/#organization"},"potentialAction":[{"@type":"SearchAction","target":{"@type":"EntryPoint","urlTemplate":"https:\/\/sotalie.com\/?s={search_term_string}"},"query-input":{"@type":"PropertyValueSpecification","valueRequired":true,"valueName":"search_term_string"}}],"inLanguage":"fr-FR"},{"@type":"Organization","@id":"https:\/\/sotalie.com\/#organization","name":"Tourisme Bateau Guyane","url":"https:\/\/sotalie.com\/","logo":{"@type":"ImageObject","inLanguage":"fr-FR","@id":"https:\/\/sotalie.com\/#\/schema\/logo\/image\/","url":"https:\/\/sotalie.com\/wp-content\/uploads\/2025\/02\/cropped-LOGO-SOTALIE-1.png","contentUrl":"https:\/\/sotalie.com\/wp-content\/uploads\/2025\/02\/cropped-LOGO-SOTALIE-1.png","width":1585,"height":1505,"caption":"Tourisme Bateau Guyane"},"image":{"@id":"https:\/\/sotalie.com\/#\/schema\/logo\/image\/"},"sameAs":["https:\/\/www.facebook.com\/4mounmax"]}]}},"_links":{"self":[{"href":"https:\/\/sotalie.com\/index.php\/wp-json\/wp\/v2\/product\/38","targetHints":{"allow":["GET"]}}],"collection":[{"href":"https:\/\/sotalie.com\/index.php\/wp-json\/wp\/v2\/product"}],"about":[{"href":"https:\/\/sotalie.com\/index.php\/wp-json\/wp\/v2\/types\/product"}],"wp:featuredmedia":[{"embeddable":true,"href":"https:\/\/sotalie.com\/index.php\/wp-json\/wp\/v2\/media\/39"}],"wp:attachment":[{"href":"https:\/\/sotalie.com\/index.php\/wp-json\/wp\/v2\/media?parent=38"}],"wp:term":[{"taxonomy":"product_brand","embeddable":true,"href":"https:\/\/sotalie.com\/index.php\/wp-json\/wp\/v2\/product_brand?post=38"},{"taxonomy":"product_cat","embeddable":true,"href":"https:\/\/sotalie.com\/index.php\/wp-json\/wp\/v2\/product_cat?post=38"},{"taxonomy":"product_tag","embeddable":true,"href":"https:\/\/sotalie.com\/index.php\/wp-json\/wp\/v2\/product_tag?post=38"}],"curies":[{"name":"wp","href":"https:\/\/api.w.org\/{rel}","templated":true}]}}